False
Is 21709 composite?
True
Is 163985 composite?
True
Is 682429 a prime number?
False
Is 871273 a composite number?
True
Is 7609 prime?
False
Is 1533071 composite?
True
Is 9253 a prime number?
False
Is 2181 composite?
True
Is 948133 a prime number?
True
Is 127879 prime?
False
Is 290633 composite?
True
Is 555369 a prime number?
False
Is 50989 a prime number?
True
Is 257053 a composite number?
False
Is 132955 a composite number?
True
Is 1390003 a prime number?
True
Is 96611 a prime number?
False
Is 3793 a prime number?
True
Is 65861 a prime number?
False
Is 26351 a prime number?
False
Is 18554 a prime number?
False
Is 9287 a prime number?
False
Is 5897 a prime number?
True
Is 264863 a prime number?
False
Is 3579 prime?
False
Is 473 composite?
True
Is 5053 a composite number?
True
Is 165037 composite?
False
Is 72395 a prime number?
False
Is 572683 prime?
True
Is 19883 composite?
True
Is 55921 a composite number?
False
Is 16253 a prime number?
True
Is 570721 a prime number?
False
Is 623 prime?
False
Is 8353 a composite number?
False
Is 25523 a composite number?
False
Is 13597 a composite number?
False
Is 9011 prime?
True
Is 242381 a prime number?
False
Is 29663 a prime number?
True
Is 119651 composite?
True
Is 3277 a prime number?
False
Is 6467 prime?
False
Is 4151 a prime number?
False
Is 43181 composite?
True
Is 34691 a composite number?
True
Is 614971 prime?
False
Is 48449 a prime number?
True
Is 224491 a composite number?
False
Is 50069 a prime number?
True
Is 16217 a composite number?
False
Is 66337 a prime number?
True
Is 19219 composite?
False
Is 10903 prime?
True
Is 1480201 a prime number?
True
Is 7451 a prime number?
True
Is 59091 prime?
False
Is 107563 composite?
False
Is 499 composite?
False
Is 14981 prime?
False
Is 191171 composite?
True
Is 78817 a prime number?
False
Is 49051 composite?
True
Is 11957 prime?
False
Is 1536839 composite?
False
Is 182671 a composite number?
True
Is 6491 a prime number?
True
Is 4783 composite?
False
Is 18355 composite?
True
Is 5669 a prime number?
True
Is 291847 prime?
False
Is 3809 prime?
False
Is 31173 a composite number?
True
Is 42151 a composite number?
True
Is 20469 a prime number?
False
Is 635 a composite number?
True
Is 5578 prime?
False
Is 1213 prime?
True
Is 154723 prime?
True
Is 207379 composite?
True
Is 64271 composite?
False
Is 20153 composite?
True
Is 36219 composite?
True
Is 725027 composite?
True
Is 8641 a prime number?
True
Is 6211 composite?
False
Is 223493 a composite number?
False
Is 5261 composite?
False
Is 3085 a prime number?
False
Is 653717 a composite number?
True
Is 8999 prime?
True
Is 59063 a prime number?
True
Is 8513 prime?
True
Is 20063 a prime number?
True
Is 643847 prime?
True
Is 65 prime?
False
Is 741401 composite?
False
Is 133349 prime?
True
Is 15959 a prime number?
True
Is 7243 a prime number?
True
Is 212719 composite?
True
Is 25859 a prime number?
False
Is 174047 composite?
False
Is 518549 a composite number?
True
Is 6609 a composite number?
True
Is 109819 composite?
False
Is 306239 a composite number?
False
Is 803069 a prime number?
False
Is 997229 prime?
False
Is 273181 composite?
False
Is 8573 a prime number?
True
Is 838 a composite number?
True
Is 23957 composite?
False
Is 6629 a prime number?
False
Is 93047 a prime number?
True
Is 24131 a prime number?
False
Is 202381 a prime number?
True
Is 46745 prime?
False
Is 6673 a prime number?
True
Is 30473 composite?
True
Is 41183 composite?
False
Is 293 a prime number?
True
Is 23143 prime?
True
Is 2447 a composite number?
False
Is 181871 prime?
True
Is 1656427 prime?
True
Is 534731 prime?
False
Is 24649 prime?
False
Is 24593 composite?
False
Is 418597 a prime number?
True
Is 94249 prime?
False
Is 32849 prime?
False
Is 337277 a prime number?
True
Is 4891 composite?
True
Is 8383 a composite number?
True
Is 5779 a prime number?
True
Is 2999 composite?
False
Is 149915 a composite number?
True
Is 362137 a prime number?
True
Is 529603 a composite number?
False
Is 2175059 composite?
False
Is 62179 a composite number?
True
Is 23857 composite?
False
Is 5261 a composite number?
False
Is 2179 a prime number?
True
Is 76295 a composite number?
True
Is 133051 composite?
False
Is 11665 a composite number?
True
Is 3147 a prime number?
False
Is 843 prime?
False
Is 698413 prime?
True
Is 218731 prime?
False
Is 243799 prime?
True
Is 80807 prime?
False
Is 8999 a prime number?
True
Is 4201 a composite number?
False
Is 3450947 a prime number?
True
Is 26573 prime?
True
Is 45143 a prime number?
False
Is 91417 a composite number?
True
Is 19643 composite?
True
Is 228043 composite?
True
Is 13849 composite?
True
Is 9763 prime?
False
Is 10783 prime?
False
Is 192599 composite?
True
Is 101843 a composite number?
True
Is 993 prime?
False
Is 610157 prime?
True
Is 680707 a composite number?
False
Is 1066811 composite?
False
Is 53681 a prime number?
True
Is 83023 composite?
False
Is 38113 composite?
False
Is 469919 a prime number?
True
Is 169063 a prime number?
True
Is 6349 a composite number?
True
Is 221 composite?
True
Is 287909 composite?
True
Is 786407 a composite number?
False
Is 8373 a composite number?
True
Is 546815 prime?
False
Is 60569 composite?
True
Is 47099 a prime number?
False
Is 87739 a composite number?
False
Is 183145 prime?
False
Is 4727 a prime number?
False
Is 92181 composite?
True
Is 2047 a composite number?
True
Is 34693 prime?
True
Is 184409 composite?
False
Is 2077 a prime number?
False
Is 5627 a composite number?
True
Is 115397 prime?
False
Is 49723 composite?
True
Is 160135 prime?
False
Is 121031 composite?
True
Is 23419 prime?
False
Is 55299 prime?
False
Is 107515 a composite number?
True
Is 28979 a composite number?
False
Is 1038383 prime?
True
Is 1830733 a prime number?
True
Is 7669 composite?
False
Is 12251 prime?
True
Is 493 a prime number?
False
Is 14941 composite?
True
Is 26797 prime?
False
Is 11819 composite?
True
Is 185429 composite?
False
Is 8263 composite?
False
Is 1118518 a prime number?
False
Is 3326 composite?
True
Is 2056435 composite?
True
Is 202259 a prime number?
False
Is 6274 a prime number?
False
Is 1060343 a prime number?
True
Is 28115 composite?
True
Is 121591 composite?
False
Is 1274623 composite?
True
Is 42118 a composite number?
True
Is 6641 a composite number?
True
Is 540655 prime?
False
Is 232018 a composite number?
True
Is 14305 a composite number?
True
Is 104281 composite?
False
Is 63073 composite?
False
Is 2333 composite?
False
Is 12379 a composite number?
False
Is 7343 composite?
True
Is 50233 a prime number?
False
Is 83339 a prime number?
True
Is 131389 a prime number?
False
Is 1854101 composite?
False
Is 18353 prime?
True
Is 1228181 composite?
False
Is 18899 a prime number?
True
Is 25111 a prime number?
True
Is 150473 a composite number?
False
Is 4391 composite?
False
Is 267 a prime number?
False
Is 50021 a composite number?
False
Is 1679191 a prime number?
False
Is 1799 a composite number?
True
Is 11677 prime?
True
Is 2934749 a composite number?
False
Is 139091 a prime number?
True
Is 2602294 prime?
False
Is 414857 composite?
False
Is 443659 a prime number?
True
Is 626309 a prime number?
False
Is 112351 a composite number?
True
Is 1800185 a prime number?
False
Is 21485 a composite number?
True
Is 83285 composite?
True
Is 158227 composite?
False
Is 1105787 prime?
True
Is 32831 a composite number?
False
Is 282019 a prime number?
True
Is 17693 prime?
False
Is 6227 a composite number?
True
Is 50671 a prime number?
True
Is 1006667 a prime number?
False
Is 483313 prime?
False
Is 27997 composite?
False
Is 13165 a prime number?
False
Is 95509 prime?
False
Is 6333 a prime number?
False
Is 1075543 composite?
True
Is 257903 composite?
False
Is 3007 a composite number?
True
Is 192229 a composite number?
False
Is 4481431 a prime number?
True
Is 15133 a composite number?
True
Is 25567 prime?
False
Is 196961 composite?
False
Is 137039 composite?
True
Is 9543 composite?
True
Is 156833 a composite number?
False
Is 13217 composite?
False
Is 12713 a composite number?
False
Is 25703 composite?
False
Is 13139 a prime number?
False
Is 1340819 composite?
True
Is 58013 a composite number?
False
Is 823001 a composite number?
False
Is 7249 composite?
True
Is 252223 a composite number?
False
Is 189881 a composite numbe